is the greatest common divisor of 693360 and 675?
135
Calculate the greatest common factor of 75450140 and 130.
10
Calculate the greatest common divisor of 2032970 and 16790.
230
What is the greatest common divisor of 511071 and 46563?
561
What is the highest common factor of 20 and 1771437480?
20
What is the highest common factor of 8679 and 31079499?
8679
Calculate the greatest common factor of 489832 and 3178.
14
Calculate the highest common divisor of 450 and 33672200.
50
What is the highest common divisor of 7088 and 332176462?
886
What is the highest common factor of 11134 and 180538?
38
Calculate the greatest common divisor of 468690 and 487989.
2757
What is the greatest common factor of 10728 and 91182636?
5364
What is the highest common factor of 2210 and 2156648?
26
What is the highest common factor of 27032862 and 4452?
318
What is the greatest common factor of 4539584 and 3136?
448
What is the greatest common factor of 13956071 and 394?
197
Calculate the greatest common factor of 184546215 and 38960.
2435
Calculate the greatest common factor of 13004776 and 92056.
2488
Calculate the greatest common factor of 13 and 5778265.
1
Calculate the greatest common divisor of 2339826 and 120.
6
What is the highest common divisor of 938 and 1077628?
134
Calculate the greatest common factor of 1320 and 26388150.
30
What is the highest common factor of 38626 and 3021550?
1246
Calculate the greatest common divisor of 32768 and 246272.
512
What is the highest common divisor of 22577124 and 402?
402
Calculate the greatest common factor of 55 and 230118515.
55
Calculate the highest common divisor of 13403400 and 1400.
200
Calculate the highest common divisor of 2692 and 597836.
4
Calculate the greatest common divisor of 20064 and 4094880.
1824
Calculate the greatest common factor of 1330703 and 836.
209
Calculate the highest common divisor of 64957211 and 1826.
913
What is the greatest common factor of 270432 and 2067678?
5634
Calculate the greatest common divisor of 3190 and 27890.
10
Calculate the greatest common factor of 459 and 6532208469.
459
What is the highest common divisor of 640594 and 871998?
2822
What is the highest common factor of 676644 and 79524?
12
Calculate the greatest common factor of 314752708 and 76.
76
What is the greatest common divisor of 1185 and 18990099?
237
Calculate the highest common factor of 150157488 and 204.
12
What is the highest common factor of 5436 and 346162668?
1812
Calculate the greatest common factor of 245 and 1067935.
5
Calculate the highest common divisor of 21307392 and 357408.
4896
What is the greatest common factor of 541890 and 479004?
1338
Calculate the greatest common factor of 144490 and 170.
10
What is the greatest common factor of 182321646 and 104?
26
Calculate the greatest common divisor of 4307340 and 28020.
60
What is the greatest common factor of 1177 and 93195181?
107
Calculate the greatest common factor of 92 and 107689174.
46
What is the greatest common divisor of 4 and 8925484?
4
Calculate the highest common divisor of 27 and 655241373.
27
Calculate the highest common factor of 24 and 4029610500.
12
Calculate the highest common factor of 2282 and 15787039.
163
What is the greatest common divisor of 31019659 and 2684?
671
Calculate the highest common factor of 13489790 and 31040.
970
What is the greatest common divisor of 37435232 and 6031?
163
Calculate the greatest common factor of 151963 and 77707.
119
What is the highest common factor of 1624 and 101474968?
56
Calculate the highest common factor of 125028 and 5750.
46
What is the highest common factor of 5865444616 and 7988?
7988
What is the greatest common factor of 1320 and 2541736?
8
Calculate the highest common divisor of 26805 and 5934627.
5361
What is the greatest common divisor of 240 and 50734960?
80
Calculate the highest common divisor of 38 and 286353446.
38
What is the greatest common divisor of 3386 and 20161937?
1693
What is the greatest common divisor of 6247008 and 1584?
144
What is the greatest common factor of 2 and 63891213?
1
What is the greatest common divisor of 145016594 and 4?
2
Calculate the greatest common divisor of 176 and 46888336.
176
Calculate the highest common factor of 576 and 797408.
32
What is the greatest common divisor of 120715247 and 46?
23
What is the highest common divisor of 1933289 and 151?
1
Calculate the highest common divisor of 92 and 1406660.
4
What is the greatest common factor of 17140474 and 104?
26
Calculate the highest common divisor of 1624 and 24033199.
29
Calculate the greatest common factor of 2144131 and 96140.
209
Calculate the highest common factor of 999 and 16926921.
27
Calculate the highest common factor of 627912 and 779.
19
Calculate the greatest common divisor of 6000 and 5500.
500
Calculate the highest common factor of 3060192 and 22590.
1506
Calculate the greatest common divisor of 1289223 and 5616.
351
What is the greatest common factor of 11 and 1338931396?
11
Calculate the greatest common divisor of 136015336 and 696.
232
Calculate the highest common divisor of 18990610 and 316295.
6455
Calculate the greatest common divisor of 544 and 8826553.
17
Calculate the greatest common factor of 805035 and 2255.
2255
Calculate the highest common divisor of 1836195 and 119805.
2445
Calculate the highest common factor of 6092 and 16396.
4
What is the highest common divisor of 66576 and 21039184?
1168
What is the highest common divisor of 9827142 and 8037?
57
What is the highest common factor of 4402 and 53914489?
71
Calculate the greatest common divisor of 1363065 and 825.
165
Calculate the highest common factor of 78651 and 877.
1
What is the greatest common divisor of 40550 and 4004718?
1622
What is the highest common factor of 5323242 and 2826?
942
What is the greatest common divisor of 33096282 and 9150?
366
What is the highest common factor of 4725 and 458197425?
4725
Calculate the greatest common factor of 451344 and 48.
48
What is the greatest common factor of 3178378 and 511?
7
What is the greatest common factor of 570 and 14371125?
285
Calculate the highest common factor of 699468 and 137676.
924
Calculate the highest common factor of 105 and 196227955.
35
Calculate the highest common divisor of 300 and 43679900.
100
What is the highest common divisor of 130 and 13811590?
130
What is the highest common divisor of 63345367 and 87?
29
Calculate the greatest common factor of 32568281 and 86034.
1103
Calculate the highest common divisor of 228 and 3756972.
12
Calculate the greatest common factor of 631620 and 16896.
132
What is the greatest common factor of 845 and 711321?
169
What is the highest common factor of 7797 and 837522?
69
Calculate the greatest common divisor of 154997 and 874.
23
What is the greatest common divisor of 523158 and 17?
17
Calculate the highest common factor of 3 and 10798896.
3
Calculate the greatest common factor of 38944 and 16448.
32
Calculate the greatest common factor of 51436 and 172480.
308
Calculate the highest common divisor of 217 and 20723066.
217
Calculate the greatest common factor of 912 and 20863536.
48
Calculate the greatest common factor of 5223801 and 96052.
649
What is the highest common factor of 69236 and 175823?
911
What is the greatest common divisor of 10741078 and 606912?
6322
What is the highest common divisor of 150120 and 2298365?
695
What is the greatest common divisor of 12276 and 17886?
66
Calculate the greatest common divisor of 31179 and 96843.
57
What is the highest common divisor of 21481060 and 4170?
1390
Calculate the greatest common divisor of 1208512 and 160.
32
What is the highest common divisor of 1295107 and 1265?
253
Calculate the highest common divisor of 1734006 and 1959.
3
Calculate the greatest common divisor of 477567 and 41407.
47
Calculate the greatest common divisor of 387648 and 144648.
72
What is the greatest common factor of 4948 and 131284047?
1237
What is the highest common factor of 1554 and 4314009?
21
Calculate the highest common factor of 5198912 and 256.
64
Calculate the greatest common divisor of 49879 and 210397.
31
What is the greatest common divisor of 608294 and 1462?
34
What is the greatest common factor of 1072 and 85160752?
1072
What is the greatest common divisor of 103